[INFO] cloning repository https://github.com/nico-abram/bottom-rs-web
[INFO] running `Command { std: "git" "-c" "credential.helper=" "-c" "credential.helper=/workspace/cargo-home/bin/git-credential-null" "clone" "--bare" "https://github.com/nico-abram/bottom-rs-web" "/workspace/cache/git-repos/https%3A%2F%2Fgithub.com%2Fnico-abram%2Fbottom-rs-web", kill_on_drop: false }`
[INFO] [stderr] Cloning into bare repository '/workspace/cache/git-repos/https%3A%2F%2Fgithub.com%2Fnico-abram%2Fbottom-rs-web'...
[INFO] running `Command { std: "git" "rev-parse" "HEAD", kill_on_drop: false }`
[INFO] [stdout] 915162900727b711d2735bafd9bfb03c957295c4
[INFO] building nico-abram/bottom-rs-web against master#ff34b919075f35a1787659e9c448a34b06bab8de for issue-85264
[INFO] running `Command { std: "git" "clone" "/workspace/cache/git-repos/https%3A%2F%2Fgithub.com%2Fnico-abram%2Fbottom-rs-web" "/workspace/builds/worker-10/source", kill_on_drop: false }`
[INFO] [stderr] Cloning into '/workspace/builds/worker-10/source'...
[INFO] [stderr] done.
[INFO] validating manifest of git repo https://github.com/nico-abram/bottom-rs-web on toolchain ff34b919075f35a1787659e9c448a34b06bab8de
[INFO] running `Command { std: "/workspace/cargo-home/bin/cargo" "+ff34b919075f35a1787659e9c448a34b06bab8de" "metadata" "--manifest-path" "Cargo.toml" "--no-deps", kill_on_drop: false }`
[INFO] started tweaking git repo https://github.com/nico-abram/bottom-rs-web
[INFO] finished tweaking git repo https://github.com/nico-abram/bottom-rs-web
[INFO] tweaked toml for git repo https://github.com/nico-abram/bottom-rs-web written to /workspace/builds/worker-10/source/Cargo.toml
[INFO] crate git repo https://github.com/nico-abram/bottom-rs-web already has a lockfile, it will not be regenerated
[INFO] running `Command { std: "/workspace/cargo-home/bin/cargo" "+ff34b919075f35a1787659e9c448a34b06bab8de" "fetch" "--manifest-path" "Cargo.toml", kill_on_drop: false }`
[INFO] [stderr] warning: Found `debug_assertions` in `target.'cfg(...)'.dependencies`. This value is not supported for selecting dependencies and will not work as expected. To learn more visit https://doc.rust-lang.org/cargo/reference/specifying-dependencies.html#platform-specific-dependencies
[INFO] [stderr]     Blocking waiting for file lock on package cache
[INFO] running `Command { std: "docker" "create" "-v" "/var/lib/crater-agent-workspace/builds/worker-10/target:/opt/rustwide/target:rw,Z" "-v" "/var/lib/crater-agent-workspace/builds/worker-10/source:/opt/rustwide/workdir:ro,Z" "-v" "/var/lib/crater-agent-workspace/cargo-home:/opt/rustwide/cargo-home:ro,Z" "-v" "/var/lib/crater-agent-workspace/rustup-home:/opt/rustwide/rustup-home:ro,Z" "-e" "SOURCE_DIR=/opt/rustwide/workdir" "-e" "CARGO_TARGET_DIR=/opt/rustwide/target" "-e" "CARGO_HOME=/opt/rustwide/cargo-home" "-e" "RUSTUP_HOME=/opt/rustwide/rustup-home" "-w" "/opt/rustwide/workdir" "-m" "1610612736" "--user" "0:0" "--network" "none" "ghcr.io/rust-lang/crates-build-env/linux@sha256:20528e8c29e4536546f0102ce88568b16ea7538393a33fcca951030f7af10457" "/opt/rustwide/cargo-home/bin/cargo" "+ff34b919075f35a1787659e9c448a34b06bab8de" "metadata" "--no-deps" "--format-version=1", kill_on_drop: false }`
[INFO] [stdout] 96a6575e083be3e6c6d2bc894b0527c8aecf93c226d9ed4349473783f4d2db80
[INFO] [stderr] WARNING: Your kernel does not support swap limit capabilities or the cgroup is not mounted. Memory limited without swap.
[INFO] running `Command { std: "docker" "start" "-a" "96a6575e083be3e6c6d2bc894b0527c8aecf93c226d9ed4349473783f4d2db80", kill_on_drop: false }`
[INFO] running `Command { std: "docker" "inspect" "96a6575e083be3e6c6d2bc894b0527c8aecf93c226d9ed4349473783f4d2db80", kill_on_drop: false }`
[INFO] running `Command { std: "docker" "rm" "-f" "96a6575e083be3e6c6d2bc894b0527c8aecf93c226d9ed4349473783f4d2db80", kill_on_drop: false }`
[INFO] [stdout] 96a6575e083be3e6c6d2bc894b0527c8aecf93c226d9ed4349473783f4d2db80
[INFO] running `Command { std: "docker" "create" "-v" "/var/lib/crater-agent-workspace/builds/worker-10/target:/opt/rustwide/target:rw,Z" "-v" "/var/lib/crater-agent-workspace/builds/worker-10/source:/opt/rustwide/workdir:ro,Z" "-v" "/var/lib/crater-agent-workspace/cargo-home:/opt/rustwide/cargo-home:ro,Z" "-v" "/var/lib/crater-agent-workspace/rustup-home:/opt/rustwide/rustup-home:ro,Z" "-e" "SOURCE_DIR=/opt/rustwide/workdir" "-e" "CARGO_TARGET_DIR=/opt/rustwide/target" "-e" "CARGO_INCREMENTAL=0" "-e" "RUST_BACKTRACE=full" "-e" "RUSTFLAGS=--cap-lints=forbid" "-e" "CARGO_HOME=/opt/rustwide/cargo-home" "-e" "RUSTUP_HOME=/opt/rustwide/rustup-home" "-w" "/opt/rustwide/workdir" "-m" "1610612736" "--user" "0:0" "--network" "none" "ghcr.io/rust-lang/crates-build-env/linux@sha256:20528e8c29e4536546f0102ce88568b16ea7538393a33fcca951030f7af10457" "/opt/rustwide/cargo-home/bin/cargo" "+ff34b919075f35a1787659e9c448a34b06bab8de" "build" "--frozen" "--message-format=json", kill_on_drop: false }`
[INFO] [stdout] 0d46a06b85ed886952be7ce0022182df62f20a051c42e10c64577db121f232ce
[INFO] [stderr] WARNING: Your kernel does not support swap limit capabilities or the cgroup is not mounted. Memory limited without swap.
[INFO] running `Command { std: "docker" "start" "-a" "0d46a06b85ed886952be7ce0022182df62f20a051c42e10c64577db121f232ce", kill_on_drop: false }`
[INFO] [stderr] warning: Found `debug_assertions` in `target.'cfg(...)'.dependencies`. This value is not supported for selecting dependencies and will not work as expected. To learn more visit https://doc.rust-lang.org/cargo/reference/specifying-dependencies.html#platform-specific-dependencies
[INFO] [stderr]    Compiling cfg-if v1.0.0
[INFO] [stderr]    Compiling unicode-xid v0.2.1
[INFO] [stderr]    Compiling libc v0.2.93
[INFO] [stderr]    Compiling getrandom v0.1.16
[INFO] [stderr]    Compiling syn v1.0.68
[INFO] [stderr]    Compiling wasm-bindgen-shared v0.2.73
[INFO] [stderr]    Compiling bumpalo v3.6.1
[INFO] [stderr]    Compiling lazy_static v1.4.0
[INFO] [stderr]    Compiling wasm-bindgen v0.2.73
[INFO] [stderr]    Compiling ppv-lite86 v0.2.10
[INFO] [stderr]    Compiling siphasher v0.3.5
[INFO] [stderr]    Compiling anyhow v1.0.40
[INFO] [stderr]    Compiling cfg-if v0.1.10
[INFO] [stderr]    Compiling log v0.4.14
[INFO] [stderr]    Compiling proc-macro2 v1.0.26
[INFO] [stderr]    Compiling phf_shared v0.8.0
[INFO] [stderr]    Compiling phf v0.8.0
[INFO] [stderr]    Compiling quote v1.0.9
[INFO] [stderr]    Compiling rand_core v0.5.1
[INFO] [stderr]    Compiling rand_chacha v0.2.2
[INFO] [stderr]    Compiling rand_pcg v0.2.1
[INFO] [stderr]    Compiling rand v0.7.3
[INFO] [stderr]    Compiling phf_generator v0.8.0
[INFO] [stderr]    Compiling phf_codegen v0.8.0
[INFO] [stderr]    Compiling bottom-rs-web v0.1.0 (/opt/rustwide/workdir)
[INFO] [stderr]    Compiling wasm-bindgen-backend v0.2.73
[INFO] [stderr]    Compiling wasm-bindgen-macro-support v0.2.73
[INFO] [stderr]    Compiling wasm-bindgen-macro v0.2.73
[INFO] [stderr]    Compiling js-sys v0.3.50
[INFO] [stderr]    Compiling console_error_panic_hook v0.1.6
[INFO] [stderr]    Compiling web-sys v0.3.50
[INFO] [stderr]    Compiling gloo-events v0.1.1
[INFO] [stderr]     Finished dev [unoptimized + debuginfo] target(s) in 33.59s
[INFO] running `Command { std: "docker" "inspect" "0d46a06b85ed886952be7ce0022182df62f20a051c42e10c64577db121f232ce", kill_on_drop: false }`
[INFO] running `Command { std: "docker" "rm" "-f" "0d46a06b85ed886952be7ce0022182df62f20a051c42e10c64577db121f232ce", kill_on_drop: false }`
[INFO] [stdout] 0d46a06b85ed886952be7ce0022182df62f20a051c42e10c64577db121f232ce
[INFO] running `Command { std: "docker" "create" "-v" "/var/lib/crater-agent-workspace/builds/worker-10/target:/opt/rustwide/target:rw,Z" "-v" "/var/lib/crater-agent-workspace/builds/worker-10/source:/opt/rustwide/workdir:ro,Z" "-v" "/var/lib/crater-agent-workspace/cargo-home:/opt/rustwide/cargo-home:ro,Z" "-v" "/var/lib/crater-agent-workspace/rustup-home:/opt/rustwide/rustup-home:ro,Z" "-e" "SOURCE_DIR=/opt/rustwide/workdir" "-e" "CARGO_TARGET_DIR=/opt/rustwide/target" "-e" "CARGO_INCREMENTAL=0" "-e" "RUST_BACKTRACE=full" "-e" "RUSTFLAGS=--cap-lints=forbid" "-e" "CARGO_HOME=/opt/rustwide/cargo-home" "-e" "RUSTUP_HOME=/opt/rustwide/rustup-home" "-w" "/opt/rustwide/workdir" "-m" "1610612736" "--user" "0:0" "--network" "none" "ghcr.io/rust-lang/crates-build-env/linux@sha256:20528e8c29e4536546f0102ce88568b16ea7538393a33fcca951030f7af10457" "/opt/rustwide/cargo-home/bin/cargo" "+ff34b919075f35a1787659e9c448a34b06bab8de" "test" "--frozen" "--no-run" "--message-format=json", kill_on_drop: false }`
[INFO] [stdout] d9f59de5c08b9dadace3a681558260dddf8f32027c88214e4bcae4cb4e5c89f1
[INFO] [stderr] WARNING: Your kernel does not support swap limit capabilities or the cgroup is not mounted. Memory limited without swap.
[INFO] running `Command { std: "docker" "start" "-a" "d9f59de5c08b9dadace3a681558260dddf8f32027c88214e4bcae4cb4e5c89f1", kill_on_drop: false }`
[INFO] [stderr] warning: Found `debug_assertions` in `target.'cfg(...)'.dependencies`. This value is not supported for selecting dependencies and will not work as expected. To learn more visit https://doc.rust-lang.org/cargo/reference/specifying-dependencies.html#platform-specific-dependencies
[INFO] [stderr]    Compiling proc-macro-hack v0.5.19
[INFO] [stderr]    Compiling memchr v2.3.4
[INFO] [stderr]    Compiling proc-macro-nested v0.1.7
[INFO] [stderr]    Compiling futures-core v0.3.13
[INFO] [stderr]    Compiling futures-sink v0.3.13
[INFO] [stderr]    Compiling futures-task v0.3.13
[INFO] [stderr]    Compiling slab v0.4.2
[INFO] [stderr]    Compiling pin-utils v0.1.0
[INFO] [stderr]    Compiling futures-io v0.3.13
[INFO] [stderr]    Compiling wasm-bindgen-test-macro v0.3.23
[INFO] [stderr]    Compiling wasm-bindgen-futures v0.4.23
[INFO] [stderr]    Compiling futures-channel v0.3.13
[INFO] [stderr]    Compiling wasm-bindgen-test v0.3.23
[INFO] [stderr]    Compiling futures-macro v0.3.13
[INFO] [stderr]    Compiling futures-util v0.3.13
[INFO] [stderr]    Compiling futures-executor v0.3.13
[INFO] [stderr]    Compiling futures v0.3.13
[INFO] [stderr]    Compiling bottom-rs-web v0.1.0 (/opt/rustwide/workdir)
[INFO] [stdout] error[E0220]: associated type `Item` not found for `futures::Future`
[INFO] [stdout]   --> tests/app.rs:25:32
[INFO] [stdout]    |
[INFO] [stdout] 25 | fn async_test() -> impl Future<Item = (), Error = JsValue> {
[INFO] [stdout]    |                                ^^^^ associated type `Item` not found
[INFO] [stdout] 
[INFO] [stdout] 
[INFO] [stdout] error[E0220]: associated type `Error` not found for `futures::Future`
[INFO] [stdout]   --> tests/app.rs:25:43
[INFO] [stdout]    |
[INFO] [stdout] 25 | fn async_test() -> impl Future<Item = (), Error = JsValue> {
[INFO] [stdout]    |                                           ^^^^^ associated type `Error` not found
[INFO] [stdout] 
[INFO] [stdout] 
[INFO] [stdout] error[E0308]: mismatched types
[INFO] [stdout]   --> tests/app.rs:33:13
[INFO] [stdout]    |
[INFO] [stdout] 33 |             assert_eq!(x, 42);
[INFO] [stdout]    |             ^^^^^^^^^^^^^^^^^^ expected enum `Result`, found integer
[INFO] [stdout]    |
[INFO] [stdout]    = note: expected enum `Result<JsValue, JsValue>`
[INFO] [stdout]               found type `{integer}`
[INFO] [stdout]    = note: this error originates in a macro (in Nightly builds, run with -Z macro-backtrace for more info)
[INFO] [stdout] 
[INFO] [stdout] 
[INFO] [stdout] error[E0271]: type mismatch resolving `<impl futures::Future as futures::Future>::Output == ()`
[INFO] [stdout]   --> tests/app.rs:24:1
[INFO] [stdout]    |
[INFO] [stdout] 24 | #[wasm_bindgen_test(async)]
[INFO] [stdout]    | ^^^^^^^^^^^^^^^^^^^^^^^^^^^ expected associated type, found `()`
[INFO] [stdout] 25 | fn async_test() -> impl Future<Item = (), Error = JsValue> {
[INFO] [stdout]    |                    --------------------------------------- the expected opaque type
[INFO] [stdout]    |
[INFO] [stdout]    = note: expected associated type `<impl futures::Future as futures::Future>::Output`
[INFO] [stdout]                     found unit type `()`
[INFO] [stdout]    = help: consider constraining the associated type `<impl futures::Future as futures::Future>::Output` to `()` or calling a method that returns `<impl futures::Future as futures::Future>::Output`
[INFO] [stdout]    = note: for more information, visit https://doc.rust-lang.org/book/ch19-03-advanced-traits.html
[INFO] [stdout]    = note: this error originates in an attribute macro (in Nightly builds, run with -Z macro-backtrace for more info)
[INFO] [stdout] help: consider constraining the associated type `<impl futures::Future as futures::Future>::Output` to `()`
[INFO] [stdout]    |
[INFO] [stdout] 25 | fn async_test() -> impl Future<Item = (), Error = JsValue, Output = ()> {
[INFO] [stdout]    |                                                          ^^^^^^^^^^^^^
[INFO] [stdout] 
[INFO] [stdout] 
[INFO] [stdout] error: aborting due to 4 previous errors
[INFO] [stdout] 
[INFO] [stdout] 
[INFO] [stdout] Some errors have detailed explanations: E0220, E0271, E0308.
[INFO] [stdout] 
[INFO] [stdout] For more information about an error, try `rustc --explain E0220`.
[INFO] [stdout] 
[INFO] [stderr] error: could not compile `bottom-rs-web`
[INFO] [stderr] 
[INFO] [stderr] To learn more, run the command again with --verbose.
[INFO] [stderr] warning: build failed, waiting for other jobs to finish...
[INFO] [stderr] error: build failed
[INFO] running `Command { std: "docker" "inspect" "d9f59de5c08b9dadace3a681558260dddf8f32027c88214e4bcae4cb4e5c89f1", kill_on_drop: false }`
[INFO] running `Command { std: "docker" "rm" "-f" "d9f59de5c08b9dadace3a681558260dddf8f32027c88214e4bcae4cb4e5c89f1", kill_on_drop: false }`
[INFO] [stdout] d9f59de5c08b9dadace3a681558260dddf8f32027c88214e4bcae4cb4e5c89f1
